g = -4*s + 121. What is the greatest common divisor of s and 16?
8
Suppose 4*o = -2*r + 5 + 19, -3*r - 2*o = -56. What is the highest common factor of 1 and r?
1
Let h = 106 - -209. Let k(j) = -j**2 + 7*j - 9. Let r be k(3). Suppose -r*x - 4*x + h = 0. Calculate the highest common divisor of 9 and x.
9
Suppose 508 = 4*z - 988. Suppose 0 = -7*h + 571 + z. Calculate the greatest common divisor of 15 and h.
15
Let x = -27 - -27. Suppose 3*f - 7*f + 96 = x. What is the greatest common divisor of f and 3?
3
Let y be (-8)/(1/(12/8)). Let d = y + 17. Let f be d*(16/(-10))/(-2). What is the highest common divisor of f and 4?
4
Let w be 4 + (4 + -1)/((-24)/(-64)). Let a be (468/(-3))/(-2 + 1). Calculate the highest common factor of w and a.
12
Suppose 24*v = 79 + 593. Let q be (-336)/10*(-30)/4. What is the highest common divisor of v and q?
28
Let z(x) = 724*x**2 + 5 - 16*x - 734*x**2 - x**3 + 6. Let v be z(-8). What is the highest common factor of v and 11?
11
Suppose 3*l - 3*b - 87 = 0, 3*l + 5*b = 17 + 38. Calculate the greatest common divisor of 175 and l.
25
Let o be (15 - 8) + -5 + 661. What is the highest common factor of o and 102?
51
Let p be -108 + 98 + 1*163. What is the greatest common divisor of p and 17?
17
Let c(m) = m**2 - 3*m - 8. Let w = 9 + 1. Suppose 7*d = 2*d - 20, 5*y = -5*d + w. Let h be c(y). What is the highest common divisor of 20 and h?
10
Suppose 65*y - 67*y = -330. Let g = -101 + y. What is the highest common divisor of 96 and g?
32
Let p = -127 - -226. What is the greatest common divisor of 363 and p?
33
Let z be (-5)/(-35)*7 + 30. Calculate the greatest common divisor of z and 372.
31
Suppose 2*y - y = 3*q + 6, -q = 2. Let n be y + 0 + (-36)/(-3). Suppose 23 = r - n. What is the highest common divisor of r and 175?
35
Let i(u) = u**3 + 23*u**2 - u. Let f be i(-23). Let h be 159/7 - 6/(-21). Calculate the greatest common divisor of f and h.
23
Let z = -410 - -1158. What is the greatest common factor of z and 204?
68
Let h(n) = -17*n**3 - 2*n**2 + 2. Let k be h(-2). Let o = 1063 - 1050. What is the highest common factor of o and k?
13
Let r(g) = -2*g - 5. Let v be r(-4). Suppose -3 + 24 = -v*x. Let p be (-1 - 0 - x)*2. Calculate the greatest common factor of 24 and p.
12
Let s = 6 + -5. Suppose -2*u - 4 = -10. Let z be u*5/(-4 + 9). Calculate the highest common factor of s and z.
1
Let q(z) = -19*z - 15. Let a(f) = f - 18. Let i be a(11). Let x be q(i). Let j = 173 - x. Calculate the highest common factor of j and 11.
11
Suppose -h - 23 + 8 = 0. Let k be -2*(h/6 + 3). Let f = 6 + k. What is the highest common divisor of f and 25?
5
Let v(i) = 3*i**3 - 2*i**2 - 7*i + 28. Let s be v(3). Suppose 3*q - 56 = q. Calculate the highest common factor of q and s.
14
Suppose -2*g + 3*n = -8, -4*g + 9 + 39 = 2*n. Let m(a) = -2*a**2 + 23*a + 3. Let p be m(g). Calculate the greatest common divisor of 44 and p.
11
Suppose -2*i + 256 = -l, -4*i + 4*l + 0*l + 512 = 0. Calculate the greatest common factor of 16 and i.
16
Let c = 45 - 51. Let t be 42*((-16)/c)/4. Calculate the highest common factor of t and 196.
28
Suppose -2*o + 94 = 5*w, 2*o + 2*o + 72 = 3*w. Let k = 14 - 10. Let d = k - 0. Calculate the highest common divisor of d and w.
4
Suppose t = -d + 2*t - 11, -4 = t. Let x be (-18)/(-5)*d/(-6). What is the highest common divisor of 18 and x?
9
Let t be 5/((11 - 10)*1/1). Suppose -t = -i, k = -3*k - 3*i + 63. Calculate the greatest common divisor of 4 and k.
4
Suppose -h = -5*h + 64. Suppose 4*k = 2*b - 32, -k - b = 2*k + 34. Let c be (-238)/k + (-6)/(-30). What is the greatest common divisor of c and h?
8
Suppose -v = -3*q - 26, -3*v + 32 = -2*q - 11. Suppose -v*a - 10 = -12*a. Let i = -70 - -150. Calculate the highest common factor of i and a.
10
Let c(h) = 35*h + 5. Let a be -25*1/(-8) - (-10)/(-80). Let s be c(a). What is the greatest common divisor of s and 10?
10
Suppose 0*y - 8 = -3*q - 2*y, 4*q - 2*y = 20. Suppose v = -q*a - 4*v + 67, 77 = 4*a - 5*v. What is the greatest common factor of a and 72?
18
Let u = -53 - -108. Suppose -66 - 114 = -4*f. Suppose 7*c - 32 - f = 0. Calculate the highest common factor of c and u.
11
Let f(n) = -12*n**3 + 6*n**2 - 25*n + 11. Let m be f(-7). What is the highest common divisor of 12 and m?
12
Let b = 726 - 716. Calculate the greatest common factor of 32 and b.
2
Let f = -238 - -296. Calculate the highest common divisor of 6 and f.
2
Let a = 3 + -4. Let p be a*(1/1 + -33). Suppose 18*m - 22*m = -320. What is the greatest common factor of p and m?
16
Let o be (-5)/(-2) + -3 + (-139)/2. Let q = 105 + o. What is the greatest common factor of q and 5?
5
Let g = -105 - -227. Calculate the highest common factor of 305 and g.
61
Let r be (-18)/12 + (-93)/(-6) + -2. What is the greatest common factor of r and 372?
12
Let w be 82/246 - (-1 + (-58)/6). Calculate the greatest common divisor of 825 and w.
11
Let u(a) = -a**2 - 7*a - 3. Let g be u(-6). Let f(h) = -4*h + g*h - 2 - 3. Let w be f(-7). Calculate the greatest common divisor of 8 and w.
2
Let t be 1/(-2 - 27/(-12)). Suppose -u + t*u - 15 = 0. Suppose 3*d - 4*b - 36 = 0, -22 = -2*d - u*b + 2. Calculate the highest common factor of 36 and d.
12
Let q = -23 - -28. Suppose -q*d - 8 = -3*b + 6, 0 = 5*d + 3*b - 4. Let h(c) = 33*c**2 - 1. Let f be h(d). What is the highest common factor of 96 and f?
32
Let d(o) = -2*o + 64. Let q be d(18). What is the greatest common divisor of 84 and q?
28
Let b be 70/(-12) + (-16)/96. Let s be 75/(-5)*32/b. What is the greatest common factor of s and 20?
20
Suppose 5*b + 0*b - 210 = -p, 0 = 2*p - 10. Suppose 0 = -38*t + 37*t + 41. What is the highest common divisor of t and b?
41
Suppose -2213 = -51*a + 138*a - 8477. Let j = -1 - -3. Suppose 4*o - j*d - 42 = 0, 2*o + 2*d - 13 = -1. Calculate the highest common factor of o and a.
9
Let r be ((-52)/3)/(4/(-13 + 1)). Let j be 54/(-36)*(r/(-3))/1. What is the highest common factor of j and 39?
13
Let c = 552 + -538. Suppose -a + 4*w + 100 = 0, -4*a - 2*w + 118 = -3*a. What is the highest common factor of a and c?
14
Let k(l) = -3*l**2 - 28*l + 42. Let y be k(-7). Calculate the highest common factor of 299 and y.
13
Suppose -5*y = 4*k - 1423, 0*y - k - 577 = -2*y. What is the greatest common divisor of y and 164?
41
Suppose t - 18*p + 8 = -15*p, 8 = 4*t - 2*p. Suppose -t*i + 195 = i. What is the greatest common divisor of i and 52?
13
Let l be (-1 + 0)/((-6)/48). What is the highest common factor of 88 and l?
8
Let z = 246 + -169. Suppose 21 = z*o - 74*o. What is the greatest common factor of o and 14?
7
Let i be ((-2 - 4) + 9)*(-196)/6. Let o = -84 - i. Calculate the highest common divisor of 63 and o.
7
Let h(o) = -o**2 + 12*o - 7. Let p be h(10). Let r(z) = z**2 + 8*z + 45. Let v be r(-10). What is the highest common factor of v and p?
13
Suppose -5*z - 4*q + 83 = 0, -15 = 3*z - 2*q - 56. Let m(g) = 2*g**3 + g**2 + 6*g - 3. Let u be m(4). What is the highest common divisor of u and z?
15
Let h(o) = 9*o**2 - 4*o + 74. Let m be h(21). Calculate the greatest common divisor of m and 37.
37
Let b = 160 + 125. Let n be b/6 + 5/10. What is the greatest common factor of n and 24?
24
Let c(z) = -9*z + 4. Let y be c(-4). Let m = 95 - 44. Suppose -i = 3*n - m, 0*n + 23 = 2*n - 3*i. What is the greatest common divisor of y and n?
8
Let p(f) = 110*f - 2. Let l be p(2). Let v = 107 + -104. Suppose -l = -v*h + 133. What is the highest common divisor of 39 and h?
39
Suppose -4*g + 2*l + 140 = 0, 5*l - 1 = -g + 34. Calculate the greatest common divisor of g and 5.
5
Let u(b) = -b**2 - 20*b + 47. Let m be u(-23). Let k = 33 + m. Suppose s - 89 = 4*c, 0 = s - 2*c + c - 80. Calculate the highest common factor of s and k.
11
Suppose 1 = 5*i - 104. Let b(r) = 3*r + 33. Let u be b(-10). Calculate the highest common factor of i and u.
3
Let q(z) = -17*z + 11. Let d be q(0). Let v(o) = 5*o - 3. Let u be v(2). Let n = u + d. What is the greatest common factor of 198 and n?
18
Suppose 4*u - 1634 = -3*b, -u - 86 + 489 = -2*b. What is the highest common divisor of u and 22?
11
Let p(u) = u**2 + 3*u - 4. Let m be p(-6). Let n be (4*56)/4 + 0. Calculate the highest common divisor of n and m.
14
Let d be (-12)/2*(-3)/(-4)*-6. Calculate the highest common divisor of 432 and d.
27
Let b(g) = g 